lse
Is 686516213 a prime number?
False
Is 26923339973 prime?
True
Is 18243628733 a prime number?
False
Is 30199225279 prime?
True
Is 1561826311 composite?
False
Is 4907986417 prime?
False
Is 8170066711 a prime number?
False
Is 13294201199 composite?
True
Is 1068783883 a prime number?
True
Is 10847373443 prime?
True
Is 291953797 composite?
True
Is 61246739 prime?
True
Is 20780023057 a composite number?
False
Is 1834196911 composite?
True
Is 4662554131 composite?
True
Is 14563679701 a prime number?
True
Is 296092877 prime?
True
Is 75755286043 a prime number?
False
Is 33135054991 a prime number?
False
Is 7418058733 a prime number?
True
Is 43842562333 composite?
False
Is 746914739 a prime number?
False
Is 69601803203 a prime number?
False
Is 340812749 a composite number?
False
Is 28925368499 prime?
True
Is 37346038937 a composite number?
True
Is 159879799 prime?
True
Is 14951047703 prime?
True
Is 8116980467 composite?
True
Is 1892796527 prime?
False
Is 505132717 a composite number?
True
Is 152268079 a prime number?
True
Is 305158853 prime?
True
Is 108182263207 composite?
True
Is 16026167798 prime?
False
Is 174291402479 a prime number?
False
Is 105106679 a prime number?
True
Is 1266976258 prime?
False
Is 22836639269 composite?
False
Is 9548772743 a prime number?
False
Is 12969941011 a prime number?
True
Is 1898451887 prime?
False
Is 7309327169 a prime number?
True
Is 12490450867 a prime number?
False
Is 9752929001 a prime number?
True
Is 33743845973 a composite number?
True
Is 85855447847 a prime number?
False
Is 2482016111 a composite number?
True
Is 7681278095 a prime number?
False
Is 8439063649 a prime number?
True
Is 898294009 a composite number?
True
Is 120236623 a prime number?
False
Is 132761711581 prime?
False
Is 93110696465 prime?
False
Is 232269690903 prime?
False
Is 691645907 a composite number?
False
Is 71160223 prime?
True
Is 1111256411 prime?
False
Is 560379503 prime?
True
Is 47142451 a composite number?
True
Is 1419682657 prime?
False
Is 4236733021 composite?
True
Is 134934574967 a prime number?
True
Is 32328847981 a composite number?
True
Is 1045377979 a composite number?
False
Is 2606563247 prime?
False
Is 202514447 prime?
True
Is 364323921847 prime?
True
Is 685918918 a composite number?
True
Is 218937263 a prime number?
True
Is 3868392595 a composite number?
True
Is 1220493187 composite?
False
Is 553929931 a composite number?
True
Is 793349717 a prime number?
True
Is 7956343457 prime?
True
Is 42672555143 prime?
False
Is 322272393 prime?
False
Is 36732000839 a prime number?
True
Is 2742323393 a composite number?
False
Is 30350533061 a composite number?
False
Is 366399763 a composite number?
False
Is 12000668201 a composite number?
True
Is 28222658411 composite?
False
Is 12732219919 composite?
True
Is 41140980995 a prime number?
False
Is 5039351483 a composite number?
True
Is 423955963 prime?
False
Is 8476094663 a prime number?
True
Is 20933374053 a composite number?
True
Is 31735033327 composite?
True
Is 5414839289 composite?
True
Is 7854759545 prime?
False
Is 194234441 a prime number?
False
Is 43002542783 prime?
True
Is 9105412619 a composite number?
True
Is 3652227613 a prime number?
True
Is 7438863581 prime?
False
Is 18115092667 composite?
True
Is 11072114615 prime?
False
Is 33409142779 composite?
False
Is 1942270333 a composite number?
True
Is 336233309 a prime number?
False
Is 70302440731 a composite number?
True
Is 6890027803 prime?
True
Is 599287991 a composite number?
False
Is 1008341497 a prime number?
False
Is 31273061087 prime?
False
Is 4226468921 prime?
True
Is 940149823 a composite number?
False
Is 20795283643 prime?
False
Is 17030600063 composite?
False
Is 9980708302 composite?
True
Is 78095572549 prime?
True
Is 1612780343 prime?
False
Is 37763366567 a prime number?
True
Is 1188970649 prime?
True
Is 17607825481 a prime number?
True
Is 3633631433 a prime number?
False
Is 14204159 composite?
True
Is 1668381491 composite?
True
Is 7305617789 prime?
False
Is 3179548817 a composite number?
False
Is 202600387 a prime number?
False
Is 957145601 a composite number?
True
Is 4213761887 composite?
True
Is 7984285691 a prime number?
True
Is 4645673999 composite?
True
Is 420940007 composite?
True
Is 628859773 a prime number?
True
Is 3720831511 a composite number?
False
Is 635377387 prime?
True
Is 2921880859 prime?
True
Is 771716301 prime?
False
Is 221477261 a prime number?
False
Is 3779594321 prime?
True
Is 1056400153 composite?
True
Is 14560436747 composite?
True
Is 329395291 a prime number?
True
Is 23963795777 composite?
True
Is 12324797371 composite?
False
Is 235249309 a composite number?
True
Is 1446211707 a prime number?
False
Is 68614462426 a prime number?
False
Is 838749201 a prime number?
False
Is 57945726983 prime?
True
Is 11932468843 a composite number?
True
Is 27890411117 a prime number?
True
Is 295993697 composite?
False
Is 10986228961 prime?
False
Is 1034838737 a prime number?
False
Is 730393009 a composite number?
True
Is 16991267929 prime?
False
Is 45510227729 composite?
False
Is 230719363891 composite?
True
Is 94589534261 composite?
True
Is 861646549 composite?
False
Is 213523897 a prime number?
False
Is 30190934731 prime?
True
Is 4296218141 a prime number?
False
Is 13795067651 a composite number?
True
Is 24809651459 a prime number?
False
Is 4099949897 a composite number?
True
Is 17492361659 a composite number?
False
Is 2468587461 a prime number?
False
Is 37887833933 composite?
False
Is 7022910997 prime?
True
Is 81189051781 a prime number?
False
Is 12372816634 a prime number?
False
Is 67366903 prime?
False
Is 2520492031 composite?
False
Is 1944732479 prime?
False
Is 11309331001 prime?
False
Is 3566459539 a composite number?
False
Is 268609660129 a composite number?
False
Is 4758581 a composite number?
True
Is 27683249 prime?
False
Is 33810189997 prime?
False
Is 3527134549 prime?
True
Is 28266135449 composite?
False
Is 838656581 prime?
False
Is 3957124511 composite?
True
Is 3382324189 prime?
False
Is 2041029961 prime?
True
Is 23077162813 prime?
True
Is 13746171511 a prime number?
False
Is 2534815639 a composite number?
False
Is 11926193989 a composite number?
False
Is 465403349 composite?
False
Is 831251039 composite?
False
Is 639624401 composite?
True
Is 6469714169 prime?
True
Is 5334586951 a prime number?
False
Is 211607658571 prime?
True
Is 182240310841 composite?
True
Is 178880243239 prime?
True
Is 2644724713 composite?
True
Is 341692891 composite?
True
Is 6251051 a prime number?
True
Is 36943449407 composite?
False
Is 159704243 a prime number?
True
Is 292618 prime?
False
Is 78674784769 a composite number?
True
Is 18441406563 composite?
True
Is 112198057919 composite?
False
Is 5934262937 composite?
False
Is 212465501 composite?
True
Is 4432127 prime?
False
Is 2956622443 composite?
True
Is 775106057 a prime number?
False
Is 2111939619 a prime number?
False
Is 4793058881 composite?
True
Is 13607676713 a composite number?
False
Is 4083788017 composite?
False
Is 36810403381 a composite number?
False
Is 54942166 a prime number?
False
Is 13006198453 prime?
True
Is 3988707389 prime?
False
Is 829179467 composite?
False
Is 33995900933 prime?
True
Is 441065387 composite?
True
Is 648707299 a composite number?
False
Is 1041189203 prime?
False
Is 557600269 a composite number?
False
Is 107634811 a prime number?
True
Is 53851281789 a prime number?
False
Is 15053887661 prime?
False
Is 4164833549 composite?
False
Is 1663250287 a prime number?
False
Is 6457717 a composite number?
True
Is 305522227 a composite number?
False
Is 3420844171 a prime number?
True
Is 459819527 prime?
True
Is 484567692709 a composite number?
False
Is 13125964331 a prime number?
False
Is 5956065197 composite?
True
Is 4044593317 a prime number?
False
Is 248720401 a composite number?
True
Is 3151899547 a prime number?
False
Is 1276896451 composite?
True
Is 9721258451 prime?
True
Is 26812631 a composite number?
False
Is 1186248779 a prime number?
True
Is 97608253903 prime?
True
Is 7180764379 prime?
True
Is 275531546659 a prime number?
True
Is 5068465637 a composite number?
False
Is 30215928727 a composite number?
False
Is 512461657 a prime number?
False
Is 17720489399 a prime number?
True
Is 68435449 a composite number?
False
Is 7001247577 a composite nu